 Calculate m(-3).
-24
Let r(z) = -417*z + 11165. Calculate r(25).
740
Let y(d) = -2*d**2 + 1540*d + 12466. What is y(-8)?
18
Let y(d) = -3787*d + 12339. What is y(3)?
978
Let b(s) = 2997*s + 1684330. Determine b(-562).
16
Let a(c) = -12*c**2 - 1979*c + 9895. Calculate a(5).
-300
Let z(x) = 17663*x - 282616. Determine z(16).
-8
Let s(h) = 31*h**2 + 687*h + 811. What is s(-21)?
55
Let g(u) = -u**3 - 39*u**2 - 353*u - 8415. Give g(-36).
405
Let n(l) = l**2 - 272*l - 1951. Determine n(-10).
869
Let a(l) = -161*l - 14186. Determine a(-88).
-18
Let u(l) = 43*l**2 - 819*l - 820. Give u(-1).
42
Let r(z) = 14*z**2 - 2370*z - 4125. Calculate r(171).
-21
Let k(a) = -3535*a + 24795. Calculate k(7).
50
Let u(o) = 365*o + 15381. Give u(-51).
-3234
Let y(c) = -12*c**2 - 77. Determine y(-4).
-269
Let s(k) = -k**3 + 25*k**2 - 4529*k + 118405. Calculate s(26).
-25
Let g(h) = 7*h**2 - 15764*h - 126243. Determine g(-8).
317
Let i(t) = 5*t**3 - 1011*t**2 + 240*t - 7684. Give i(202).
-8
Let p(l) = l**3 + 607*l**2 + 50572*l - 12805. Give p(-100).
-5
Let q(f) = f**3 - 43*f**2 - 29*f + 4549. What is q(41)?
-2
Let v(l) = -131874*l + 2901176. Give v(22).
-52
Let n(j) = 327*j - 1219. Determine n(5).
416
Let v(s) = 17*s**2 + 4998*s - 62424. Calculate v(12).
0
Let c(y) = 687*y - 683. Calculate c(1).
4
Let x(n) = -6859*n + 34403. Calculate x(5).
108
Let d(b) = -b**3 + 171*b**2 + 9470*b - 2154. Calculate d(215).
-4
Let l(a) = -196*a + 40804. Calculate l(208).
36
Let m(x) = -x**3 + 42*x**2 + 32*x - 1369. What is m(44)?
-3833
Let v(n) = -n**3 - 172*n**2 + 1151*n - 18299. Give v(-179).
-41
Let b(x) = -x**2 - 1883*x - 557508. Give b(-368).
12
Let g(j) = -j**3 - 1451*j**2 + 337618*j + 402. Calculate g(204).
-6
Let b(v) = -2*v**3 - 50*v**2 + 77*v + 320. Determine b(-26).
-330
Let i(y) = 4442*y + 2678513. Calculate i(-603).
-13
Let q(z) = -2197*z - 17714. Determine q(-8).
-138
Let s(i) = -i**3 + 41*i**2 - 219*i + 295. Determine s(29).
4036
Let g(r) = 17*r**3 + 14*r - 39. Determine g(4).
1105
Let k(b) = -3*b**2 - 225*b - 3314. Give k(-21).
88
Let t(b) = 32619*b + 5055913. Give t(-155).
-32
Let u(o) = 467*o**2 - 11673*o + 32. What is u(25)?
82
Let w(u) = 2*u**3 + 53*u**2 - 91*u - 83. Determine w(-28).
113
Let d(i) = 129*i**2 - 130*i - 474. Give d(6).
3390
Let a(q) = -q**3 + 11*q**2 - 494*q + 7522. Calculate a(14).
18
Let a(j) = -2*j**2 - 590*j - 42933. Give a(-164).
35
Let t(r) = 35*r**2 - 1169*r + 469. Calculate t(33).
7
Let h(y) = 1226*y - 40346. What is h(33)?
112
Let d(w) = w**3 - 14*w**2 + 1256*w - 19101. Determine d(15).
-36
Let o(l) = -13*l**3 - 31*l**2 + 279*l - 20. What is o(6)?
-2270
Let z(y) = -y**3 + 51*y**2 + 45*y - 5317. Determine z(50).
-567
Let b(r) = r**3 - 21*r**2 - 857*r - 4283. Determine b(-5).
-648
Let d(q) = -376*q - 99476. Determine d(-260).
-1716
Let g(o) = -32*o - 3539. What is g(-3)?
-3443
Let x(m) = -534*m - 528. Determine x(-1).
6
Let f(b) = -621*b**2 + 9339*b + 32. Determine f(15).
392
Let p(v) = -v**2 + 45*v - 140. What is p(9)?
184
Let c(w) = 5073*w - 1116125. Give c(220).
-65
Let o(x) = x**3 + 470*x**2 + 934*x - 958. What is o(-468)?
-22
Let g(h) = 537*h - 18397. What is g(34)?
-139
Let k(b) = -880*b - 7508. Determine k(-9).
412
Let n(t) = -20*t**2 + 6024*t - 1161. Give n(301).
43
Let x(n) = -n**2 + 24446*n + 342440. Give x(-14).
0
Let n(c) = -11*c**2 - 2153*c + 91770. Determine n(36).
6
Let z(p) = 98812*p - 2272679. What is z(23)?
-3
Let x(n) = 71*n**2 - 633*n + 1016. Give x(2).
34
Let y(a) = 41110*a - 575534. Give y(14).
6
Let g(v) = -7704*v - 277295. What is g(-36)?
49
Let x(t) = 3*t**2 - 688*t + 14284. Determine x(206).
-136
Let l(k) = -k**2 + 285*k - 20255. Calculate l(157).
-159
Let f(i) = i**3 + 45*i**2 - 1256*i + 317. Determine f(20).
1197
Let c(n) = 3*n**3 + 1793*n**2 - 55173*n + 1886. What is c(-627)?
5
Let w(m) = 4974*m + 209010. Calculate w(-42).
102
Let r(j) = -76*j**2 - 785*j - 286. Determine r(-10).
-36
Let q(h) = 11*h**3 - 13*h**2 + 11*h + 27. Give q(6).
2001
Let o(g) = -7*g**3 + 392*g**2 - 784*g + 1. Calculate o(2).
-55
Let m(i) = 3*i**3 - 19*i**2 + 134*i - 1020. Determine m(7).
16
Let m(q) = 5582*q + 435477. What is m(-78)?
81
Let d(i) = -i**3 - 61*i**2 - 26*i + 37. Determine d(0).
37
Let g(m) = 6*m**3 - 96*m**2 + 33*m - 260. Give g(13).
-2873
Let m(v) = 190582*v - 2477270. Give m(13).
296
Let w(y) = 85*y**3 + 303*y**2 + 304*y - 1. Calculate w(-1).
-87
Let t(u) = 715*u + 1339. What is t(-2)?
-91
Let b(q) = -2186*q - 85. Give b(0).
-85
Let c(f) = -f**3 - 16*f**2 + 12*f - 686. Calculate c(-21).
1267
Let s(l) = 6*l**3 - 467*l**2 - 2316*l + 15. Determine s(-5).
-830
Let n(i) = -392*i + 10576. Give n(28).
-400
Let r(n) = -111*n - 25502. What is r(-235)?
583
Let z(d) = -d**3 - 139*d**2 - 218*d - 10386. Calculate z(-138).
654
Let b(a) = 12973*a + 13375170. Calculate b(-1031).
7
Let r(v) = 4565*v - 972326. Determine r(213).
19
Let f(y) = -2*y**3 - 21*y**2 + 97*y + 6. Calculate f(-14).
20
Let d(j) = -88*j**2 + 419*j + 2571. What is d(-6)?
-3111
Let x(l) = -12*l**2 + 4563*l + 4561. Give x(-1).
-14
Let c(z) = 1436*z - 25932. Determine c(19).
1352
Let i(y) = 53*y**2 + 527*y + 19. Calculate i(-8).
-805
Let r(k) = 22*k**2 + 69*k + 635. What is r(-10)?
2145
Let j(v) = -v**3 + 10*v**2 + 1812*v - 12828. Give j(7).
3
Let a(v) = v**3 + 301*v**2 - 40148*v + 4794. Calculate a(100).
-6
Let m(f) = -38020*f + 1520807. Calculate m(40).
7
Let a(v) = 457*v - 52514. What is a(112)?
-1330
Let k(o) = -14260*o + 57066. What is k(4)?
26
Let i(k) = -k**2 + 5*k - 297. What is i(29)?
-993
Let l(t) = -463*t + 23626. Calculate l(51).
13
Let m(z) = -z**3 - 141*z**2 - 410*z + 495. Calculate m(-138).
-57
Let n(p) = -4402*p + 1298549. What is n(295)?
-41
Let n(g) = -3*g**3 - 1874*g**2 + 579*g - 28702. Determine n(-625).
48
Let c(q) = 68*q**3 + 8230*q**2 + 147*q - 11517. Determine c(-121).
-22
Let i(l) = -53*l**2 + 10982*l - 2281. Give i(207).
-4
Let b(o) = -1137*o + 27364. Calculate b(23).
1213
Let a(k) = 822*k + 20507. What is a(-25)?
-43
Let r(p) = p**3 - 46*p**2 + 55*p + 1386. What is r(44)?
-66
Let m(r) = 22374*r - 10. Determine m(0).
-10
Let u(o) = -4*o**2 + 51*o + 3847. Calculate u(-25).
72
Let x(s) = 15*s**2 + 166*s + 167. Calculate x(-10).
7
Let b(r) = 1641*r - 5482. Give b(3).
-559
Let d(y) = -y**2 - 468*y - 5036. What is d(-11)?
-9
Let x(i) = -31*i**2 - 7095*i + 14188. Give x(2).
-126
Let v(b) = 47*b**3 + 982*b**2 - 83*b + 23. Calculate v(-21).
-439
Let j(z) = z**2 - 11989*z - 4280594. Calculate j(-347).
-2
Let x(s) = s**2 + 4965*s - 19860. Give x(4).
16
Let b(j) = 8*j**2 + 383*j - 626. What is b(-50)?
224
Let s(z) = z**3 + 276*z**2 - 2984*z - 35458. Give s(-286).
6
Let f(v) = -149412*v + 8068257. Give f(54).
9
Let b(g) = -15*g**2 - 339*g + 655. What is b(-27)?
-1127
Let v(i) = -i**3 - 11*i**2 + 113*i + 197. Determine v(-12).
-1015
Let n(l) = l**3 - 21*l**2 + 138*l - 373. What is n(11)?
-65
Let p(g) = 644684*g + 3868100. Calculate p(-6).
-4
Let f(i) = -i**3 - 211*i**2 - 343*i + 15668. Calculate f(-209).
-7
Let v(r) = -r**3 - 190*r**2 + 404*r + 76757. Determine v(-190).
-3
Let u(j) = -849725*j - 16144771. Determine u(-19).
4
Let j(f) = -f**3 - 74*f**2 - 1039*f + 338. Calculate j(-55).
8
Let n(u) = -23*u**2 - 440*u + 4952. Calculate n(8).
-40
Let u(x) = 53732*x + 268966. Give u(-5).
306
Let d(u) = -u**3 + 139*u**2 + 609*u + 2019. Calculate d(143).
7310
Let b(l) = 350*l + 6179. Give b(-14).
1279
Let y(g) = -3*g**3 + 159*g**2 - 15*g + 583. What is y(53)?
-212
Let c(b) = -7*b**2 - 1196*b - 4661. What is c(-4)?
11
Let w(g) = 1347*g - 201636. Calculate w(150).
414
Let c(a) = -8312*a + 73824. What is c(9)?
-984
Let o(y) = y**3 + 96*y**2 + 502*y - 10989. Give o(-89).
-220
Let k(x) = 4*x**3 + 434*x**2 + 634*x - 695. What is k(-107)?
161
Let n(s) = 58*s**3 + 9*s**2 - 13*s + 3. Calculate n(1).
57
Let i(j) = j**3 - 10*j**2 - 75*j - 52. Give i(-4).
24
Let o(d) = 330736*d - 1322925. Calculate o(4).
19
Let q(t) = 1174*t**3 - 113*t**2 - 112*t + 3. Give q(-1).
-1172
Let g(m) = -3*m**3 - 109*m**2 + 53*m. What is g(-37)?
777
Let u(k) = k**2 - 67*k + 1. Determine u(0).
1
Let o(y) = y**3 + 25*y**2 - 1852*y - 47489. What is o(-26)?
-13
Let k(f) = 60968*f - 244194. What is k(4)?
-322
Let k(o) = 5*o**3 + 251*o**2 + 291*o + 337. Calculate k(-49).
484
Let t(n) = 409*n - 35675. Calculate